q*r. Let a = 116 - r. What is the units digit of a?
1
Let t(a) be the third derivative of -a**5/30 - 17*a**4/6 + 9*a**3/2 - 2*a**2 + 6*a. What is the units digit of t(-26)?
3
Suppose 267 = 6*o + 255. What is the tens digit of o + (-5)/5 + (3 - -1331)?
3
Let a = 27 - 21. Let i be a/4*-54*24/(-18). Suppose -y + 2*x = -3*y + 184, -y + 3*x + i = 0. What is the units digit of y?
6
Let y = -563 - -27375. What is the units digit of y?
2
What is the units digit of (-255)/30*9*-166?
9
Let y = -17 + -22. Let q = 155 + y. Suppose 0 = 3*f - q - 274. What is the tens digit of f?
3
Let a(s) = 1 + 5*s - s + 15*s**2 + 8*s**2 + 536*s**3 - 537*s**3 - s. What is the tens digit of a(23)?
7
Suppose p + 3*t = 49913, -4*p + 283*t = 287*t - 199636. What is the units digit of p?
7
Let r = -20 + 25. Suppose -g = r*d - 2*g - 267, g = d - 51. What is the units digit of -2 + 6 + d*3/6?
1
Let a be (-6 - -9 - 2)*-515. Let f = 900 + a. What is the units digit of f?
5
Suppose -6025 = -4*g + 5*w, -2*g - w + 2990 = w. Let c be (18/(-15))/((-1509)/g + 1). Suppose 5*o - o + 5*y = 202, 4*y - c = -4*o. What is the tens digit of o?
4
Suppose 0 = -94*h + 1150839 + 755575. What is the thousands digit of h?
0
Let u be (-2)/22 - 12712/(-77). Let q = 224 - u. What is the tens digit of q?
5
Let g = -1631 - -1000. Let c = 938 + g. What is the units digit of c?
7
What is the units digit of 0/1 + (-36)/(-54) + (-18704)/(-6)?
8
Suppose -44*x - 2*x = 4*x - 553350. What is the units digit of x?
7
Let h(q) = 407*q - 547. What is the units digit of h(10)?
3
Let v(j) = -21*j - 32. Let l(d) = d**3 - d - 5. Let g be l(0). Let y be v(g). Suppose -4*p + p + 69 = 5*m, -p + y = 5*m. What is the tens digit of m?
1
Let u = 33540 - 9470. What is the ten thousands digit of u?
2
Suppose -5*l + 7 = -2*c, -2*c + 6 = 2*l - 8. Suppose 3*m = -z - 30, m = -c*z - 0*m - 109. Let b = z + 40. What is the units digit of b?
3
Let j(n) = 170*n**2 - 353*n - 3. What is the tens digit of j(4)?
0
Let r = 62 + -45. Let t = 20 - r. Suppose t*l - 8*l + 335 = 0. What is the tens digit of l?
6
Let y(x) = 2*x + 40. Let v be y(-13). Suppose -j + v*j - 4121 = 0. What is the hundreds digit of j?
3
Suppose 1678684 = 88*g - 2499893 + 610177. What is the hundreds digit of g?
5
Let v = -4310 - -28982. What is the ten thousands digit of v?
2
Suppose -27*h + 13*h = -25382. Suppose u - 3*d = 456, -d - h = u - 5*u. What is the tens digit of u?
5
What is the hundreds digit of 19*202*(-15)/285*-19?
8
Suppose 3*u + 6*u = 6543. Suppose 9*m - u = -142. What is the tens digit of m?
6
Let h(v) = v**2 - 15*v - 13. Let p be h(16). Suppose 303 = 3*b + 2*k + 103, -p*b + 4*k = -194. What is the units digit of 3/(-42)*-4 + b/14?
5
Suppose 8*m - 114 = 2*m. Let l be (-1)/(4*2/(-64)). Suppose -2442 = -m*f + l*f. What is the hundreds digit of f?
2
Let n = -790 - -849. Suppose -n*b = -71*b + 8208. What is the units digit of b?
4
Let i(o) = -o**2 + 3*o + 4. Let p be i(-2). Let k be (-10)/(-1 + -2 + (-22)/p). What is the units digit of 4/30 + (-133)/k?
9
Let q(t) = 9717*t**2 + 59*t + 5. What is the tens digit of q(2)?
9
Let u = 382 - 391. Let k(h) = 16*h**2 + 17*h + 48. What is the hundreds digit of k(u)?
1
Let s = 870 + -865. What is the tens digit of (398/s)/(6 - (-354)/(-60))?
9
Let w = 6152 + -2488. What is the hundreds digit of w?
6
Let d = 55727 + -25376. What is the ten thousands digit of d?
3
What is the tens digit of 15/270*-42*31566/(-2)?
2
Let z(p) = 3*p + 25. Let y be z(-7). Suppose 2*m = y*g + 666, 3*m - 52*g - 999 = -53*g. What is the units digit of m?
3
Let m(s) = -2*s**3 + s**2 + 567*s + 27. What is the hundreds digit of m(-26)?
1
Let s be 16/10*((-936)/(-16) - 1). Suppose 0 = -10*o + 4308 + s. What is the tens digit of o?
4
Let a(m) = -m**3 + 11*m**2 + m + 23. Let c be a(10). What is the units digit of c - (36/8)/9*0?
3
Suppose 0 = 5*m - 2*m + 21360. What is the hundreds digit of (-2 - m/12) + 1/(-3)?
5
Suppose 444540 = 1444*r - 1432*r. What is the hundreds digit of r?
0
Let x = -196 - -199. Suppose 0 = -8*m + 3*m + x*z + 1715, 3*m - 3*z = 1023. What is the units digit of m?
6
Suppose 12*p = -2*p + 140. Suppose -5*z + 260 = 4*m, -9*m - 65 = -p*m - 4*z. What is the tens digit of m?
6
Let y(r) = -2*r**2 + 6*r + 23. Let a be y(7). Let s = a + -45. Let k = s - -79. What is the units digit of k?
1
What is the hundreds digit of (3 + (-50)/14)/(76/(-300314))?
2
Let x = -886 - -865. Suppose -4*b + 179 = -25. Let f = b + x. What is the tens digit of f?
3
Let d(t) = -6*t**3 + 3*t**2 - 3*t + 3. Let i be d(2). Let z = -8 - i. Suppose -3*b - 383 = -4*s, 5*b - 249 = -3*s + z. What is the tens digit of s?
9
Let u = -11 - -46. Suppose r + 40 = 2*h - r, -2*h + r + u = 0. Suppose -2*v + h*v - 260 = 0. What is the tens digit of v?
2
Let t(x) = 243 - 142 - 139 - 18*x. What is the hundreds digit of t(-16)?
2
Let b(a) = 2*a**2 - a + 9. Let x be b(4). Suppose -3*r + q + 144 = 0, 0 = -4*r - 5*q + 136 + x. Suppose -u + 29 + r = 0. What is the tens digit of u?
7
Suppose 120*k - 104*k - 32 = 0. Let n(p) = p - 4. Let y be n(10). Suppose y*w = -k*w + 1496. What is the units digit of w?
7
Suppose 6*j + 0 - 24 = 0. Suppose j*m = 2*k + 3870, 51 + 2864 = 3*m - 4*k. What is the units digit of m?
5
Let m be (4/(-3))/(18/(-27)). Suppose m*p - 5*p = -105. Let x = p + 120. What is the hundreds digit of x?
1
Suppose k - 8*k = -14140. What is the units digit of k?
0
Suppose 30*d - 8647 - 123143 - 67680 = 0. What is the thousands digit of d?
6
Let f = -784 + 5605. What is the thousands digit of f?
4
Let c(z) = z**3 + 11*z**2 - 31*z - 37. Let h be c(-13). Suppose -h*w + 33*w = 1245. What is the tens digit of w?
4
Let k = -6903 + 13869. What is the tens digit of k?
6
Let x = -35465 - -68588. What is the thousands digit of x?
3
Let o(p) = 6*p**3 - 12*p**2 + 43*p + 29. What is the units digit of o(12)?
5
Let b = 568 + -209. Let l = 1433 - b. What is the thousands digit of l?
1
Suppose -2*n - 5*q = -46, -3*n + q + 60 = 4*q. Let u(a) = a**2 - 10*a - 35. Let v be u(n). Suppose 0 = -11*g + 10*g + v. What is the units digit of g?
9
Let k = 133 + -131. Suppose -k*q = 4*q - 2652. What is the tens digit of q?
4
Let c = -20718 - -43169. What is the units digit of c?
1
Let h(n) be the first derivative of n**4/2 - n**3 - 21*n**2/2 + 12*n - 37. What is the tens digit of h(5)?
8
Let f = 1057 - 542. Suppose 0 = 6*g - f - 55. Let u = g - 37. What is the tens digit of u?
5
Let a(q) = 2*q + 43. Suppose 3*m = 3*n - 48, 6*n - n = 3*m + 40. Let c be a(m). Suppose c*s - 430 = -70. What is the tens digit of s?
2
Let q be 2/(-4) - (75/6 + 2). Let r be (-40)/q*46 + 1/3. Suppose r + 81 = x. What is the units digit of x?
4
Let f(w) = 209*w + 2689. What is the hundreds digit of f(9)?
5
Let h = 796 + -444. Let g = h + -248. Let q = -13 + g. What is the units digit of q?
1
Let m(c) = 3733*c - 5650. What is the ten thousands digit of m(6)?
1
Let l(h) = 480*h - 4. Let q be l(-1). What is the hundreds digit of -1 + 2 + (-35 - q)?
4
Suppose -6 = -2*z, -5*z = 2*j - 3*j - 7. What is the tens digit of (-435)/(-20) + 2/j?
2
Suppose 2653 = -2*l - 3*l + q, -5*q + 2645 = -5*l. Let j = -370 - l. What is the hundreds digit of j?
1
Let w(x) = x**2 + 11*x + 15. Suppose -17*v + 22*v = -45. Let s be w(v). What is the tens digit of ((-1)/s)/(10/5580)?
8
Let s = 11 - 7. Suppose a = y - 499, s*y - 1567 = -5*a + 456. What is the hundreds digit of y?
5
Let w = 221 - 177. Suppose 2*f - 444 + w = 0. What is the tens digit of f?
0
Suppose 3*w + 42 + 30 = 0. Let f be 0 + -3 - (-4 + 1 + w). Suppose f*s = 26*s - 210. What is the hundreds digit of s?
1
Let b(y) = y**3 - 4*y**2 - 11*y - 3. Let t be b(6). Let d = -7 + 12. Suppose t*g + 5*a = -0*g + 52, 4*g - d*a = 116. What is the units digit of g?
4
Let x be 678/96*4*4. Suppose s + x = 323. What is the units digit of s?
0
What is the tens digit of (2 + 0)/(1*((-1149528)/(-164216) - 7))?
2
What is the hundreds digit of 1/1*-10 - (-4870)/1?
8
Let c(b) = -10*b**2 - 7*b - 4. Let a(r) = 29*r**2 + 20*r + 13. Let y(u) = 6*a(u) + 17*c(u). Let m = 776 - 781. What is the hundreds digit of y(m)?
1
Suppose y + l = 0, -15*y + 14*y - 3*l - 4 = 0. Suppose -5*s + 0 = -10, 0 = y*v - s - 1098. What is the units digit of v?
0
Let w(g) = 21*g**3 - 3*g**2 - 2*g + 2. Let d be w(3). Let p = -376 + d. What is the u